 + 157. What is the hundreds digit of u(a)?
4
Let a(w) = -4*w**3 + 70*w**2 + 37*w - 20. Let o be a(18). What is the tens digit of (-9)/(-5) + o + 163443/215?
6
Let r = -3626 + 12621. What is the tens digit of r?
9
Let a = -30 - -66. Let t = 65 + a. What is the hundreds digit of t?
1
Let z be (-3)/2 + 125/10. Suppose z*s + 2954 = 7640. What is the units digit of s?
6
Let h(u) = 22*u**3 + 13*u**2 - 7*u - 8. Let x be h(9). Suppose -19*a - 4*a + x = 0. What is the hundreds digit of a?
7
Suppose 0 = -4*f + 5*y - 49, 3*f + 3*y + 1 + 2 = 0. Let l be (27/36)/((-7)/84). What is the hundreds digit of (-1161)/f - l/(-6)?
1
Suppose 31005 = 11*z - 301558. Suppose -z + 8341 = -26*n. What is the units digit of n?
2
Suppose 4*h + 4*o + 24 = 0, 0 = -h + 2*o - 1 + 10. Let t(v) = 531*v**2 + 1. What is the tens digit of t(h)?
3
Let v(o) = 5*o**2 + o + 20. Let s be v(-4). Let h = 228 + s. What is the tens digit of h?
2
What is the units digit of 63/(11 - 12)*(-2592)/21?
6
Suppose n - 3*d - 45174 = -2*n, 3*n + d - 45162 = 0. What is the hundreds digit of n?
0
What is the ten thousands digit of 335162/8 - (-585)/(-468)?
4
Let q(d) = 5*d**2 - 32*d - 19. Suppose 5*r = -3*m + 67, 4*r - 6*m + 3*m - 32 = 0. What is the hundreds digit of q(r)?
2
Let g(h) = h**3 - 18*h**2 + 59*h + 66. What is the thousands digit of g(25)?
5
Suppose 0 = 2*k + 2 - 10. Suppose 3*w = k*w - 5*y - 501, -1 = -y. What is the units digit of w?
6
Suppose 1286188 = 45*h + 357748. What is the tens digit of (2/8)/(3 + h/(-6880))?
1
Let t = -123 + 130. Suppose -2*l = t*l - 3249. What is the hundreds digit of l?
3
Suppose -594 = -r + 9*v - 14*v, 0 = -4*v + 8. What is the tens digit of r?
8
Let i(v) = 5*v**2 - v - 2. Let q be i(-1). Suppose 3*p - 2 = -q*y, -3*y - 3*p = -7*y + 14. Suppose y*r - 143 + 15 = 0. What is the units digit of r?
4
Suppose 2*s - 4700 = -5*w + 5*s, -2*w = 3*s - 1901. What is the tens digit of (-10)/(-105) - w/(-21)?
4
What is the hundreds digit of (-22 + 14)/(-24) - 67052/(-3)?
3
Let t be (-6)/51 + 5810/(-34). Let u = 316 + t. What is the tens digit of u?
4
Let g be (16/(-6) - -2)*45/(-6). Suppose 4*y = w - 459, g*w - 10*w = 3*y - 2295. What is the units digit of w?
9
Let v(w) = 236*w**3 - 36*w**2 + 150*w + 23. What is the thousands digit of v(6)?
0
Suppose 0 = -0*m - 2*m + 34. Suppose -3*l - m = -458. Let d = l + -58. What is the units digit of d?
9
Let d = -663 + 353. Let a = d - -547. What is the hundreds digit of a?
2
Suppose 116*o = 2*x + 118*o - 84958, 0 = 2*x - 5*o - 84993. What is the units digit of x?
4
Suppose 0 = -95*d + 3880733 - 1350028. What is the hundreds digit of d?
6
Suppose -3*i + 10*f = 12*f - 26, -38 = -3*i - 5*f. What is the units digit of (4*(-10)/i)/((-144)/648)?
0
Suppose 4*w + 5*l - 25216 = 0, 0 = 5*w - 12*l + 17*l - 31520. What is the tens digit of w?
0
Suppose 78*z = 31*z + 271472. What is the hundreds digit of z?
7
Let m be (15/(-10))/(1/2). Let q be (11/m)/(2/(-18)) + -2. Suppose -3*f + 53 + q = 0. What is the units digit of f?
8
Let o(b) = 60*b + 101. Let d(p) = 120*p + 198. Let u(c) = -4*d(c) + 9*o(c). What is the hundreds digit of u(2)?
2
Suppose -27*a - 5366 = -u - 32*a, -4*u - 5*a + 21539 = 0. What is the thousands digit of u?
5
Let q be (-9)/(2 + (-4 - 1)). Suppose q*k + 1043 - 5312 = 0. What is the thousands digit of k?
1
Let w(x) = -x**3 - 4*x**2 + 4*x + 2. Let q be w(-5). Let f = -784 + 928. Suppose q = -u + f. What is the units digit of u?
7
Let a(k) = 3353*k - 5133. What is the thousands digit of a(5)?
1
Let f(z) = 24307*z - 5350. What is the hundreds digit of f(3)?
5
Suppose -14*u + 3944 + 44510 = 0. What is the tens digit of u?
6
Suppose 115*d = -6*d - 24*d + 1857450. What is the thousands digit of d?
2
Let h = 0 + 0. Suppose 0 = 131*v - 80*v - 71*v + 340. Suppose -10*r + v*r - 1204 = h. What is the hundreds digit of r?
1
Suppose 3*x - 3 = 15. Suppose -438 = -x*k + 12*k. Let n = k + 159. What is the units digit of n?
6
Let h(v) = -5*v**3 + 9*v**2 - 45*v - 1014. What is the hundreds digit of h(-20)?
4
Suppose 0 = 4*k - 386 + 146. Let z = -16 + k. Suppose z = r - 141. What is the units digit of r?
5
Let i(u) = 302*u**3 - 5*u**2 + 26*u - 61. What is the tens digit of i(3)?
2
Suppose -2356 = -g - 3*m, 1691 + 685 = g - 2*m. What is the units digit of g?
8
Let l = 103 + -98. What is the tens digit of 10/24*(l + 22)*52?
8
Suppose 3*j = 11*j - 96. Suppose j*x - 5*x = 63. Suppose -x*v + 1082 = -232. What is the units digit of v?
6
Suppose 262 = o + o. Suppose -o*f = -124*f - 1715. What is the tens digit of f?
4
Let f(r) = -r**3 + 13*r**2 - 12*r + 5. Let x be f(12). Suppose h + x*i + 23 - 242 = 0, -3*h = -4*i - 562. What is the units digit of h?
4
Let k(d) = 54*d - 529. What is the thousands digit of k(56)?
2
Let l(a) = 2*a**3 - 104*a**2 - 61*a + 198. What is the units digit of l(54)?
8
Let a(y) = -13469*y - 2741. What is the tens digit of a(-3)?
6
Suppose 9*g - 306 = 7*g. Let v = -221 - -142. Let b = g + v. What is the tens digit of b?
7
Let l be 0 + 66/4 + (-42)/(-28). Let y(n) = 40*n + 151. What is the tens digit of y(l)?
7
Suppose 3*k - 6 = 5*p - 1, -4*p = -3*k + 7. Let q(u) be the first derivative of 5*u**3/3 + 3*u**2/2 + 6*u + 1. What is the units digit of q(k)?
6
Let m(z) = 16*z - 184. Let p(k) = 16*k - 184. Let j(f) = -4*m(f) + 5*p(f). What is the units digit of j(19)?
0
Suppose 19*b = 42706 + 1601687. What is the ten thousands digit of b?
8
Let k = 11 + -4. Suppose -262 = 4*s - 5*a, k*s - 2*s + a = -313. Let h = s + 111. What is the tens digit of h?
4
Let a = 105 + -316. What is the units digit of 3/((-3)/a) + -7 + 3?
7
Let f be 1 + 0*(-1)/2. Suppose -8*y - 9 = -11*y. What is the units digit of (f - -4)/(60/18 - y)?
5
Let p(m) = -50490*m - 338. What is the tens digit of p(-1)?
5
Suppose 235159*n + 437004 = 235177*n. What is the thousands digit of n?
4
Let l be ((-51)/(-34))/((-6)/608). Let d(j) = -j**2 + 9*j + 245. Let y be d(0). Let i = y + l. What is the tens digit of i?
9
Let z = -78 + 83. Suppose -t + 80 + 344 = z*r, 0 = 4*t + r - 1696. What is the hundreds digit of t?
4
Let k(g) be the third derivative of g**4/24 + 233*g**3/6 + 123*g**2. What is the tens digit of k(0)?
3
Let h = -446 + 575. What is the hundreds digit of h + (0/9)/(-9)?
1
Let o(f) = 512*f - 510. What is the units digit of o(25)?
0
Let v(s) = 207*s + 853. What is the tens digit of v(29)?
5
Let x be -230 - (-2 + 6 - 8). Let l = -172 - x. What is the units digit of l?
4
Suppose -5215*b + 1100 = -5235*b. Suppose t = 3*j - 403, j - 549 = -3*j - t. Let w = j - b. What is the hundreds digit of w?
1
Let n(g) = -3*g**2 - 13849*g + 106 + 13849*g. Let p be -1*(-2 + 1) - 1. What is the units digit of n(p)?
6
Suppose -z + p + 7 = 4*z, 0 = -3*z - 3*p + 15. Suppose 0*q + 5*k = z*q - 307, 2*k - 140 = -q. What is the hundreds digit of q?
1
Let n(z) = 446*z**2 - 727*z + 22. What is the ten thousands digit of n(12)?
5
Let h(k) be the third derivative of k**6/120 - 7*k**5/30 + k**4/24 + 17*k**3/6 - 4*k**2 + 1. What is the units digit of h(15)?
7
Let w(j) = -15*j - 3. Let a be w(-17). Suppose -t = 3*t - a. Suppose -5*s - t = -293. What is the tens digit of s?
4
Let x(k) = k**3 - 2*k**2 + k - 2. Let b be x(2). Suppose -3*t + 1203 = 3*y, -3*t = -b*t. What is the tens digit of y?
0
Suppose 2*w + 17*z = 16*z + 62972, -5*w + 4*z + 157456 = 0. What is the tens digit of w?
8
Suppose 5*f = -20, p - 52610 = 5*f + 9946. What is the ten thousands digit of p?
6
Let f(a) = a**2 - 20*a - 41. Let q be f(22). Suppose q*d - 2*d = 0. Suppose 3*p + h = 373, d*p - 4*p + 492 = -4*h. What is the tens digit of p?
2
Suppose -s + 414 = -0*s. Suppose -a + 369 + s = 0. What is the units digit of a?
3
Let i = 77 - 82. Let t be i*(-5 - (-6)/3). What is the hundreds digit of (-66 + t)*(-4)/(8/6)?
1
Suppose 0 = 2*c + 4*k - 9*k - 33679, -5*k - 25 = 0. What is the tens digit of c/27 - (-2)/(-9)?
2
Suppose -2*f - i + 19211 = 0, -2*i - 46220 - 1794 = -5*f. What is the thousands digit of f?
9
Let n be (-5)/2 + (-2860)/(-88). What is the hundreds digit of (1 - (-5121)/15)/(12/n)?
8
Let z(c) = -1154*c - 167. What is the units digit of z(-3)?
5
Let r(y) = 14*y**2 + 54*y + 565. What is the hundreds digit of r(-17)?
6
Let s be 34 + 9/(-3) + -7. What is the units digit of (-2)/s + 146312/96?
4
Suppose -51*w + 44*w = -58422. Wha